{"id":128,"date":"2023-07-28T16:15:40","date_gmt":"2023-07-28T14:15:40","guid":{"rendered":"http:\/\/www.math.ucv.ro\/dep_mate\/trunk\/?page_id=128"},"modified":"2023-07-28T16:16:07","modified_gmt":"2023-07-28T14:16:07","slug":"manifestri-tiinifice-studeneti","status":"publish","type":"page","link":"http:\/\/www.math.ucv.ro\/dep_mate\/trunk\/?page_id=128","title":{"rendered":"Manifest\u0103ri \u015etiin\u0163ifice Studen\u0163e\u015fti"},"content":{"rendered":"<h1>Manifest&#259;ri &#350;tiin&#355;ifice Studen&#355;e&#351;ti Organizate de Departamentul de Matematic&#259;<\/h1>\n<h2>Sesiuni de Comunic&#259;ri<\/h2>\n<p>\n                  Vineri, 03 noiembrie 2017, a avut loc <i>sesiunea de comunic&#259;ri &#351;tiin&#355;ifice<\/i> a studen&#355;ilor departamentului nostru, &#238;n cadrul Zilelor Facult&#259;&#355;ii de &#350;tiin&#355;e. Detalii sunt disponibile <span id=\"manifestari_stiintifice_studenti_03noiembrie2017\"><\/span>.\n              <\/p>\n","protected":false},"excerpt":{"rendered":"<p>Manifest&#259;ri &#350;tiin&#355;ifice Studen&#355;e&#351;ti Organizate de Departamentul de Matematic&#259; Sesiuni de Comunic&#259;ri Vineri, 03 noiembrie 2017, a avut loc sesiunea de comunic&#259;ri &#351;tiin&#355;ifice a studen&#355;ilor departamentului nostru, &#238;n cadrul Zilelor Facult&#259;&#355;ii de &#350;tiin&#355;e. Detalii sunt disponibile .<\/p>\n","protected":false},"author":1,"featured_media":0,"parent":126,"menu_order":0,"comment_status":"closed","ping_status":"closed","template":"","meta":[],"_links":{"self":[{"href":"http:\/\/www.math.ucv.ro\/dep_mate\/trunk\/index.php?rest_route=\/wp\/v2\/pages\/128"}],"collection":[{"href":"http:\/\/www.math.ucv.ro\/dep_mate\/trunk\/index.php?rest_route=\/wp\/v2\/pages"}],"about":[{"href":"http:\/\/www.math.ucv.ro\/dep_mate\/trunk\/index.php?rest_route=\/wp\/v2\/types\/page"}],"author":[{"embeddable":true,"href":"http:\/\/www.math.ucv.ro\/dep_mate\/trunk\/index.php?rest_route=\/wp\/v2\/users\/1"}],"replies":[{"embeddable":true,"href":"http:\/\/www.math.ucv.ro\/dep_mate\/trunk\/index.php?rest_route=%2Fwp%2Fv2%2Fcomments&post=128"}],"version-history":[{"count":4,"href":"http:\/\/www.math.ucv.ro\/dep_mate\/trunk\/index.php?rest_route=\/wp\/v2\/pages\/128\/revisions"}],"predecessor-version":[{"id":416,"href":"http:\/\/www.math.ucv.ro\/dep_mate\/trunk\/index.php?rest_route=\/wp\/v2\/pages\/128\/revisions\/416"}],"up":[{"embeddable":true,"href":"http:\/\/www.math.ucv.ro\/dep_mate\/trunk\/index.php?rest_route=\/wp\/v2\/pages\/126"}],"wp:attachment":[{"href":"http:\/\/www.math.ucv.ro\/dep_mate\/trunk\/index.php?rest_route=%2Fwp%2Fv2%2Fmedia&parent=128"}],"curies":[{"name":"wp","href":"https:\/\/api.w.org\/{rel}","templated":true}]}}

Manifestări Ştiinţifice Studenţeşti
